s divided by 553?
543
Calculate the remainder when 12485 is divided by 1304.
749
What is the remainder when 4933773 is divided by 1631?
1629
Calculate the remainder when 112452 is divided by 49.
46
What is the remainder when 5374 is divided by 833?
376
Calculate the remainder when 3510 is divided by 3475.
35
Calculate the remainder when 383256 is divided by 51.
42
What is the remainder when 2964 is divided by 2933?
31
Calculate the remainder when 80100 is divided by 232.
60
Calculate the remainder when 2234324 is divided by 137.
128
What is the remainder when 376871 is divided by 25?
21
Calculate the remainder when 82292 is divided by 82282.
10
Calculate the remainder when 7055 is divided by 1020.
935
Calculate the remainder when 4370 is divided by 174.
20
What is the remainder when 23348 is divided by 162?
20
What is the remainder when 146297 is divided by 35?
32
Calculate the remainder when 28610 is divided by 158.
12
Calculate the remainder when 1264 is divided by 112.
32
Calculate the remainder when 974691 is divided by 23.
20
Calculate the remainder when 176667 is divided by 179.
173
What is the remainder when 18445 is divided by 4555?
225
What is the remainder when 16791 is divided by 466?
15
Calculate the remainder when 50984 is divided by 25491.
2
What is the remainder when 215227 is divided by 81?
10
What is the remainder when 103912 is divided by 626?
622
Calculate the remainder when 11935 is divided by 62.
31
Calculate the remainder when 561 is divided by 135.
21
What is the remainder when 5234 is divided by 248?
26
What is the remainder when 24808 is divided by 12396?
16
Calculate the remainder when 28635 is divided by 495.
420
Calculate the remainder when 667 is divided by 107.
25
Calculate the remainder when 18464 is divided by 981.
806
What is the remainder when 565 is divided by 11?
4
Calculate the remainder when 18188 is divided by 230.
18
Calculate the remainder when 6253 is divided by 2036.
145
What is the remainder when 306540 is divided by 14?
10
What is the remainder when 146 is divided by 12?
2
Calculate the remainder when 115437 is divided by 104.
101
What is the remainder when 9342 is divided by 1166?
14
What is the remainder when 2320 is divided by 1058?
204
What is the remainder when 21875 is divided by 131?
129
What is the remainder when 1438 is divided by 1380?
58
Calculate the remainder when 1093 is divided by 96.
37
Calculate the remainder when 64700 is divided by 21.
20
Calculate the remainder when 2880 is divided by 197.
122
Calculate the remainder when 5844 is divided by 1921.
81
Calculate the remainder when 823 is divided by 271.
10
Calculate the remainder when 14369 is divided by 1025.
19
Calculate the remainder when 2500976 is divided by 1460.
1456
Calculate the remainder when 2306 is divided by 153.
11
What is the remainder when 150023 is divided by 56?
55
What is the remainder when 3718 is divided by 1236?
10
Calculate the remainder when 64736 is divided by 93.
8
Calculate the remainder when 57915 is divided by 11574.
45
What is the remainder when 42322 is divided by 55?
27
What is the remainder when 2404 is divided by 635?
499
What is the remainder when 169735 is divided by 175?
160
What is the remainder when 7438 is divided by 236?
122
Calculate the remainder when 2975 is divided by 380.
315
Calculate the remainder when 12019 is divided by 3996.
31
Calculate the remainder when 16539 is divided by 324.
15
What is the remainder when 306 is divided by 260?
46
What is the remainder when 434971 is divided by 33?
31
What is the remainder when 1456 is divided by 372?
340
What is the remainder when 12234 is divided by 944?
906
Calculate the remainder when 662363 is divided by 580.
3
What is the remainder when 199417 is divided by 260?
257
What is the remainder when 51942 is divided by 4326?
30
What is the remainder when 4903 is divided by 1156?
279
What is the remainder when 311628 is divided by 155811?
6
Calculate the remainder when 4309 is divided by 26.
19
What is the remainder when 755 is divided by 753?
2
Calculate the remainder when 4809 is divided by 105.
84
Calculate the remainder when 93912 is divided by 15652.
0
Calculate the remainder when 873 is divided by 34.
23
Calculate the remainder when 611167 is divided by 142.
141
What is the remainder when 44122 is divided by 28?
22
Calculate the remainder when 1403488 is divided by 39.
34
Calculate the remainder when 529 is divided by 237.
55
Calculate the remainder when 89432 is divided by 89432.
0
Calculate the remainder when 2179 is divided by 77.
23
Calculate the remainder when 50608 is divided by 4216.
16
What is the remainder when 2619 is divided by 101?
94
Calculate the remainder when 951 is divided by 89.
61
Calculate the remainder when 89530 is divided by 635.
630
Calculate the remainder when 20214 is divided by 402.
114
Calculate the remainder when 1036287 is divided by 253.
252
What is the remainder when 28268 is divided by 19?
15
Calculate the remainder when 16445 is divided by 3283.
30
Calculate the remainder when 117114 is divided by 39025.
39
Calculate the remainder when 143689 is divided by 722.
11
What is the remainder when 4045 is divided by 115?
20
Calculate the remainder when 429271 is divided by 42924.
31
Calculate the remainder when 2250 is divided by 708.
126
Calculate the remainder when 81063 is divided by 8105.
13
Calculate the remainder when 57360 is divided by 5736.
0
What is the remainder when 106961 is divided by 175?
36
What is the remainder when 1040 is divided by 205?
15
What is the remainder when 6608 is divided by 108?
20
What is the remainder when 41325 is divided by 62?
33
What is the remainder when 375622 is divided by 82?
62
Calculate the remainder when 66059 is divided by 1128.
635
What is the remainder when 212992 is divided by 26618?
48
Calculate the remainder when 2961062 is divided by 24.
14
Calculate the remainder when 6159 is divided by 58.
11
Calculate the remainder when 69581 is divided by 819.
785
What is the remainder when 20711 is divided by 2496?
743
Calculate the remainder when 8497 is divided by 3971.
555
What is the remainder when 1412996 is divided by 282597?
11
Calculate the remainder when 21942 is divided by 85.
12
Calculate the remainder when 30214 is divided by 9924.
442
Calculate the remainder when 252956 is divided by 62.
58
What is the remainder when 24439 is divided by 905?
4
What is the remainder when 64 is divided by 9?
1
Calculate the remainder when 29002 is divided by 4833.
4
What is the remainder when 2598 is divided by 790?
228
Calculate the remainder when 479090 is divided by 421.
413
What is the remainder when 7971 is divided by 817?
618
What is the remainder when 735429 is divided by 2884?
9
Calculate the remainder when 215381 is divided by 124.
117
Calculate the remainder when 12611 is divided by 4201.
8
Calculate the remainder when 922 is divided by 343.
236
What is the remainder when 2770 is divided by 876?
142
What is the remainder when 39028 is divided by 1851?
157
Calculate the remainder when 298 is divided by 92.
22
Calculate the remainder when 2548 is divided by 1024.
500
Calculate the remainder when 7306 is divided by 118.
108
What is the remainder when 11716 is divided by 3872?
100
What is the remainder when 98216 is divided by 1559?
1558
Calculate the remainder when 2669 is divided by 297.
293
Calculate the remainder when 6068 is divided by 582.
248
What is the remainder when 87980 is divided by 70?
60
Calculate the remainder when 11444 is divided by 5429.
586
What is the remainder when 224246 is divided by 384?
374
What is the remainder when 2651 is divided by 1155?
341
What is the remainder when 770256 is divided by 301?
298
What is the remainder when 18733 is divided by 115?
103
What is the remainder when 136397 is divided by 68191?
15
Calculate the remainder when 847 is divided by 20.
7
Calculate the remainder when 2168402 is divided by 7228.
2
Calculate the remainder when 659 is divided by 12.
11
What is the remainder when 22763 is divided by 2265?
113
What is the remainder when 60046 is divided by 72?
70
Calculate the remainder when 30657 is divided by 225.
57
What is the remainder when 871 is divided by 276?
43
What is the remainder when 45020 is divided by 1027?
